{"id":2,"date":"2024-08-15T19:20:35","date_gmt":"2024-08-15T17:20:35","guid":{"rendered":"http:\/\/nerika.fr\/?page_id=2"},"modified":"2026-02-04T07:43:10","modified_gmt":"2026-02-04T06:43:10","slug":"page-d-exemple","status":"publish","type":"page","link":"https:\/\/nerika.fr\/","title":{"rendered":"Accueil"},"content":{"rendered":"\t\t<div data-elementor-type=\"wp-page\" data-elementor-id=\"2\" class=\"elementor elementor-2\">\n\t\t\t\t<div class=\"elementor-element elementor-element-c6e9c37 e-flex e-con-boxed e-con e-parent\" data-id=\"c6e9c37\" data-element_type=\"container\" data-e-type=\"container\" data-settings=\"{&quot;background_background&quot;:&quot;slideshow&quot;,&quot;background_slideshow_gallery&quot;:[{&quot;id&quot;:216,&quot;url&quot;:&quot;http:\\\/\\\/nerika.fr\\\/wp-content\\\/uploads\\\/2024\\\/08\\\/Capture-decran-2024-08-22-a-17.11.41.png&quot;},{&quot;id&quot;:252,&quot;url&quot;:&quot;http:\\\/\\\/nerika.fr\\\/wp-content\\\/uploads\\\/2024\\\/08\\\/IMG_1970.heic&quot;},{&quot;id&quot;:257,&quot;url&quot;:&quot;http:\\\/\\\/nerika.fr\\\/wp-content\\\/uploads\\\/2024\\\/08\\\/IMG_5038.jpg&quot;}],&quot;position&quot;:&quot;fixed&quot;,&quot;background_slideshow_loop&quot;:&quot;yes&quot;,&quot;background_slideshow_slide_duration&quot;:5000,&quot;background_slideshow_slide_transition&quot;:&quot;fade&quot;,&quot;background_slideshow_transition_duration&quot;:500}\">\n\t\t\t\t\t<div class=\"e-con-inner\">\n\t\t\t\t\t<\/div>\n\t\t\t\t<\/div>\n\t\t<div class=\"elementor-element elementor-element-5fd9242 e-flex e-con-boxed e-con e-parent\" data-id=\"5fd9242\" data-element_type=\"container\" data-e-type=\"container\" data-settings=\"{&quot;background_background&quot;:&quot;gradient&quot;}\">\n\t\t\t\t\t<div class=\"e-con-inner\">\n\t\t\t\t<div class=\"elementor-element elementor-element-571dab1 elementor-widget elementor-widget-image\" data-id=\"571dab1\" data-element_type=\"widget\" data-e-type=\"widget\" data-widget_type=\"image.default\">\n\t\t\t\t<div class=\"elementor-widget-container\">\n\t\t\t\t\t\t\t\t\t\t\t\t\t\t\t<img fetchpriority=\"high\" decoding=\"async\" width=\"675\" height=\"1024\" src=\"https:\/\/nerika.fr\/wp-content\/uploads\/2026\/02\/DSC_1013-675x1024.jpg\" class=\"attachment-large size-large wp-image-983\" alt=\"\" srcset=\"https:\/\/nerika.fr\/wp-content\/uploads\/2026\/02\/DSC_1013-675x1024.jpg 675w, https:\/\/nerika.fr\/wp-content\/uploads\/2026\/02\/DSC_1013-198x300.jpg 198w, https:\/\/nerika.fr\/wp-content\/uploads\/2026\/02\/DSC_1013-768x1166.jpg 768w, https:\/\/nerika.fr\/wp-content\/uploads\/2026\/02\/DSC_1013-1012x1536.jpg 1012w, https:\/\/nerika.fr\/wp-content\/uploads\/2026\/02\/DSC_1013-1349x2048.jpg 1349w, https:\/\/nerika.fr\/wp-content\/uploads\/2026\/02\/DSC_1013-scaled.jpg 1687w\" sizes=\"(max-width: 675px) 100vw, 675px\" \/>\t\t\t\t\t\t\t\t\t\t\t\t\t\t\t<\/div>\n\t\t\t\t<\/div>\n\t\t<div class=\"elementor-element elementor-element-fc9cf85 e-con-full e-flex e-con e-child\" data-id=\"fc9cf85\" data-element_type=\"container\" data-e-type=\"container\">\n\t\t\t\t<div class=\"elementor-element elementor-element-4cc5c0a elementor-widget elementor-widget-text-editor\" data-id=\"4cc5c0a\" data-element_type=\"widget\" data-e-type=\"widget\" data-widget_type=\"text-editor.default\">\n\t\t\t\t<div class=\"elementor-widget-container\">\n\t\t\t\t\t\t\t\t\t<p>Nerika d\u00e9cide de sortir son premier album, et ainsi nous livrer des moments intimes de sa vie. Elle partage son coeur au travers de ses cr\u00e9ations musicales comme vecteur de force et de r\u00e9silience. Nerika est une artiste engag\u00e9e, qui par son parcours, ses rencontres et&nbsp;<span style=\"text-align: var(--text-align);\"><span style=\"font-style: inherit; font-weight: inherit;\">ses valeurs partage avec&nbsp;<\/span><\/span>authenticit\u00e9, rigueur et musicalit\u00e9 de vrais sujets existentiels.&nbsp;<\/p>\n<p><span style=\"text-align: var(--text-align);\">Apr\u00e8s<span style=\"font-style: inherit; font-weight: inherit;\">&nbsp;s&#8217;\u00eatre consacr\u00e9e aux personnes avec qui elle a partag\u00e9 musique, chant et passion, elle choisit aujourd&#8217;hui de sortir de &#8220;ses tiroirs&#8221; ses <\/span>propres<span style=\"font-style: inherit; font-weight: inherit;\">&nbsp;oeuvres. C&#8217;est dans une&nbsp;<\/span><\/span>soci\u00e9t\u00e9 en perp\u00e9tuelle \u00e9volution, en pleins changements, qu&#8217;il est temps d&#8217;ouvrir le &#8220;chant&#8221; des possibles !&nbsp;<\/p>\n<p>N\u00e9rika vous fera d\u00e9couvrir son univers musical qui vous fera voyager vers des m\u00e9tissages surprenants, toujours valoris\u00e9 par la pr\u00e9sence des voix, et du chant. Vous d\u00e9couvrirez ainsi les choristes de Nerika : C\u00e9cile Lorthios,&nbsp;<b>Elise<\/b> <b>Huet<\/b>, Julie <b>Sorli<\/b>. Ces compositions de chansons fran\u00e7aises sont interpr\u00e9t\u00e9es par des musiciens exceptionnels : <a href=\"https:\/\/www.instagram.com\/bertrandallaume\/?hl=fr\">Bertrand<\/a> <a href=\"https:\/\/www.instagram.com\/bertrandallaume\/?hl=fr\">Allaume<\/a> \u00e0 la basse, <a href=\"https:\/\/www.instagram.com\/jeromeroubeau\/?hl=fr\">J\u00e9r\u00f4me<\/a> <a href=\"https:\/\/www.instagram.com\/jeromeroubeau\/?hl=fr\">Roubeau<\/a> \u00e0 la batterie, <a href=\"https:\/\/www.instagram.com\/nicolas_dri\/?hl=fr\">Nicolas<\/a> <a href=\"https:\/\/www.instagram.com\/nicolas_dri\/?hl=fr\">Dri<\/a> aux claviers (piano et orgue Hammond). <a href=\"https:\/\/www.instagram.com\/s.t.e.p.h.b.e.r.t.i\/?hl=fr\">St\u00e9phanie<\/a> <a href=\"https:\/\/www.instagram.com\/s.t.e.p.h.b.e.r.t.i\/?hl=fr\">Berti<\/a> \u00e0 la guitare.&nbsp;<\/p>\n<p>Accordez vous un moment suspendu, l&#8217;instant de son concert, de l&#8217;\u00e9coute de ses titres, de la d\u00e9couverte de son spectacle, pour venir vous plonger dans un univers inattendu, o\u00f9 <span style=\"font-style: inherit; font-weight: inherit; text-align: var(--text-align);\">\u00e9motion et tendresse seront au rendez-vous !<\/span><\/p>\t\t\t\t\t\t\t\t<\/div>\n\t\t\t\t<\/div>\n\t\t\t\t<\/div>\n\t\t\t\t\t<\/div>\n\t\t\t\t<\/div>\n\t\t<div class=\"elementor-element elementor-element-fb0cfa9 e-flex e-con-boxed e-con e-parent\" data-id=\"fb0cfa9\" data-element_type=\"container\" data-e-type=\"container\">\n\t\t\t\t\t<div class=\"e-con-inner\">\n\t\t\t\t\t<\/div>\n\t\t\t\t<\/div>\n\t\t<div class=\"elementor-element elementor-element-b289926 e-flex e-con-boxed e-con e-parent\" data-id=\"b289926\" data-element_type=\"container\" data-e-type=\"container\">\n\t\t\t\t\t<div class=\"e-con-inner\">\n\t\t<div class=\"elementor-element elementor-element-1534a67 e-con-full e-flex e-con e-child\" data-id=\"1534a67\" data-element_type=\"container\" data-e-type=\"container\">\n\t\t\t\t<div class=\"elementor-element elementor-element-986aafb elementor-widget elementor-widget-image\" data-id=\"986aafb\" data-element_type=\"widget\" data-e-type=\"widget\" data-widget_type=\"image.default\">\n\t\t\t\t<div class=\"elementor-widget-container\">\n\t\t\t\t\t\t\t\t\t\t\t\t\t\t\t<img decoding=\"async\" width=\"768\" height=\"576\" src=\"https:\/\/nerika.fr\/wp-content\/uploads\/2024\/12\/IMG_5846-768x576.jpeg\" class=\"attachment-medium_large size-medium_large wp-image-666\" alt=\"\" srcset=\"https:\/\/nerika.fr\/wp-content\/uploads\/2024\/12\/IMG_5846-768x576.jpeg 768w, https:\/\/nerika.fr\/wp-content\/uploads\/2024\/12\/IMG_5846-300x225.jpeg 300w, https:\/\/nerika.fr\/wp-content\/uploads\/2024\/12\/IMG_5846-1024x768.jpeg 1024w, https:\/\/nerika.fr\/wp-content\/uploads\/2024\/12\/IMG_5846-1536x1152.jpeg 1536w, https:\/\/nerika.fr\/wp-content\/uploads\/2024\/12\/IMG_5846-2048x1536.jpeg 2048w\" sizes=\"(max-width: 768px) 100vw, 768px\" \/>\t\t\t\t\t\t\t\t\t\t\t\t\t\t\t<\/div>\n\t\t\t\t<\/div>\n\t\t\t\t<\/div>\n\t\t<div class=\"elementor-element elementor-element-70cfa00 e-con-full e-flex e-con e-child\" data-id=\"70cfa00\" data-element_type=\"container\" data-e-type=\"container\">\n\t\t\t\t<div class=\"elementor-element elementor-element-5fde69d elementor-widget elementor-widget-image\" data-id=\"5fde69d\" data-element_type=\"widget\" data-e-type=\"widget\" data-widget_type=\"image.default\">\n\t\t\t\t<div class=\"elementor-widget-container\">\n\t\t\t\t\t\t\t\t\t\t\t\t\t\t\t<img decoding=\"async\" width=\"1024\" height=\"683\" src=\"https:\/\/nerika.fr\/wp-content\/uploads\/2025\/08\/DSC_0474-1024x683.jpg\" class=\"attachment-large size-large wp-image-895\" alt=\"\" srcset=\"https:\/\/nerika.fr\/wp-content\/uploads\/2025\/08\/DSC_0474-1024x683.jpg 1024w, https:\/\/nerika.fr\/wp-content\/uploads\/2025\/08\/DSC_0474-300x200.jpg 300w, https:\/\/nerika.fr\/wp-content\/uploads\/2025\/08\/DSC_0474-768x512.jpg 768w, https:\/\/nerika.fr\/wp-content\/uploads\/2025\/08\/DSC_0474-1536x1024.jpg 1536w, https:\/\/nerika.fr\/wp-content\/uploads\/2025\/08\/DSC_0474-2048x1365.jpg 2048w\" sizes=\"(max-width: 1024px) 100vw, 1024px\" \/>\t\t\t\t\t\t\t\t\t\t\t\t\t\t\t<\/div>\n\t\t\t\t<\/div>\n\t\t\t\t<\/div>\n\t\t\t\t\t<\/div>\n\t\t\t\t<\/div>\n\t\t<div class=\"elementor-element elementor-element-26e7341 e-flex e-con-boxed e-con e-parent\" data-id=\"26e7341\" data-element_type=\"container\" data-e-type=\"container\">\n\t\t\t\t\t<div class=\"e-con-inner\">\n\t\t\t\t\t<\/div>\n\t\t\t\t<\/div>\n\t\t\t\t<\/div>\n\t\t","protected":false},"excerpt":{"rendered":"<p>Nerika d\u00e9cide de sortir son premier album, et ainsi nous livrer des moments intimes de sa vie. Elle partage son [&hellip;]<\/p>\n","protected":false},"author":1,"featured_media":0,"parent":0,"menu_order":1,"comment_status":"closed","ping_status":"closed","template":"","meta":{"_uag_custom_page_level_css":"","site-sidebar-layout":"no-sidebar","site-content-layout":"","ast-site-content-layout":"full-width-container","site-content-style":"default","site-sidebar-style":"default","ast-global-header-display":"","ast-banner-title-visibility":"","ast-main-header-display":"","ast-hfb-above-header-display":"","ast-hfb-below-header-display":"","ast-hfb-mobile-header-display":"","site-post-title":"disabled","ast-breadcrumbs-content":"","ast-featured-img":"disabled","footer-sml-layout":"","theme-transparent-header-meta":"","adv-header-id-meta":"","stick-header-meta":"","header-above-stick-meta":"","header-main-stick-meta":"","header-below-stick-meta":"","astra-migrate-meta-layouts":"default","ast-page-background-enabled":"default","ast-page-background-meta":{"desktop":{"background-color":"var(--ast-global-color-4)","background-image":"","background-repeat":"repeat","background-position":"center center","background-size":"auto","background-attachment":"scroll","background-type":"","background-media":"","overlay-type":"","overlay-color":"","overlay-opacity":"","overlay-gradient":""},"tablet":{"background-color":"","background-image":"","background-repeat":"repeat","background-position":"center center","background-size":"auto","background-attachment":"scroll","background-type":"","background-media":"","overlay-type":"","overlay-color":"","overlay-opacity":"","overlay-gradient":""},"mobile":{"background-color":"","background-image":"","background-repeat":"repeat","background-position":"center center","background-size":"auto","background-attachment":"scroll","background-type":"","background-media":"","overlay-type":"","overlay-color":"","overlay-opacity":"","overlay-gradient":""}},"ast-content-background-meta":{"desktop":{"background-color":"var(--ast-global-color-5)","background-image":"","background-repeat":"repeat","background-position":"center center","background-size":"auto","background-attachment":"scroll","background-type":"","background-media":"","overlay-type":"","overlay-color":"","overlay-opacity":"","overlay-gradient":""},"tablet":{"background-color":"var(--ast-global-color-5)","background-image":"","background-repeat":"repeat","background-position":"center center","background-size":"auto","background-attachment":"scroll","background-type":"","background-media":"","overlay-type":"","overlay-color":"","overlay-opacity":"","overlay-gradient":""},"mobile":{"background-color":"var(--ast-global-color-5)","background-image":"","background-repeat":"repeat","background-position":"center center","background-size":"auto","background-attachment":"scroll","background-type":"","background-media":"","overlay-type":"","overlay-color":"","overlay-opacity":"","overlay-gradient":""}},"footnotes":""},"class_list":["post-2","page","type-page","status-publish","hentry"],"uagb_featured_image_src":{"full":false,"thumbnail":false,"medium":false,"medium_large":false,"large":false,"1536x1536":false,"2048x2048":false},"uagb_author_info":{"display_name":"admin7758","author_link":"https:\/\/nerika.fr\/?author=1"},"uagb_comment_info":0,"uagb_excerpt":"Nerika d\u00e9cide de sortir son premier album, et ainsi nous livrer des moments intimes de sa vie. Elle partage son [&hellip;]","_links":{"self":[{"href":"https:\/\/nerika.fr\/index.php?rest_route=\/wp\/v2\/pages\/2","targetHints":{"allow":["GET"]}}],"collection":[{"href":"https:\/\/nerika.fr\/index.php?rest_route=\/wp\/v2\/pages"}],"about":[{"href":"https:\/\/nerika.fr\/index.php?rest_route=\/wp\/v2\/types\/page"}],"author":[{"embeddable":true,"href":"https:\/\/nerika.fr\/index.php?rest_route=\/wp\/v2\/users\/1"}],"replies":[{"embeddable":true,"href":"https:\/\/nerika.fr\/index.php?rest_route=%2Fwp%2Fv2%2Fcomments&post=2"}],"version-history":[{"count":208,"href":"https:\/\/nerika.fr\/index.php?rest_route=\/wp\/v2\/pages\/2\/revisions"}],"predecessor-version":[{"id":986,"href":"https:\/\/nerika.fr\/index.php?rest_route=\/wp\/v2\/pages\/2\/revisions\/986"}],"wp:attachment":[{"href":"https:\/\/nerika.fr\/index.php?rest_route=%2Fwp%2Fv2%2Fmedia&parent=2"}],"curies":[{"name":"wp","href":"https:\/\/api.w.org\/{rel}","templated":true}]}}